{"id":34,"date":"2022-07-13T18:47:04","date_gmt":"2022-07-13T21:47:04","guid":{"rendered":"https:\/\/ipsicco.com.ar\/?page_id=34"},"modified":"2023-12-23T08:03:00","modified_gmt":"2023-12-23T11:03:00","slug":"home","status":"publish","type":"page","link":"https:\/\/ipsicco.com.ar\/","title":{"rendered":"Inicio"},"content":{"rendered":"<p>[et_pb_section fb_built=\u00bb1&#8243; _builder_version=\u00bb4.9.0&#8243; _module_preset=\u00bbdefault\u00bb background_image=\u00bbhttps:\/\/ipsicco.com.ar\/wp-content\/uploads\/2022\/07\/hero_top_v3.jpg\u00bb custom_padding=\u00bb138px||88px|||\u00bb][et_pb_row column_structure=\u00bb1_2,1_2&#8243; _builder_version=\u00bb4.9.0&#8243; _module_preset=\u00bbdefault\u00bb][et_pb_column type=\u00bb1_2&#8243; _builder_version=\u00bb4.9.0&#8243; _module_preset=\u00bbdefault\u00bb][et_pb_text _builder_version=\u00bb4.9.0&#8243; _module_preset=\u00bbdefault\u00bb]<\/p>\n<h1 style=\"color: #ffffff; line-height: 1.4;\"><strong>Te ayudamos a atravesar los obst\u00e1culos de la ansiedad, depresi\u00f3n, estr\u00e9s y dolor cr\u00f3nico para que puedas construir una vida valiosa<\/strong><\/h1>\n<p>[\/et_pb_text][et_pb_button button_url=\u00bbhttps:\/\/ipsicco.com.ar\/index.php\/psicoterapia\/\u00bb button_text=\u00bbQuiero comenzar\u00bb _builder_version=\u00bb4.9.0&#8243; _module_preset=\u00bbdefault\u00bb custom_button=\u00bbon\u00bb button_text_color=\u00bb#8cb364&#8243; button_bg_color=\u00bb#FFFFFF\u00bb button_border_width=\u00bb0px\u00bb button_border_radius=\u00bb0px\u00bb][\/et_pb_button][\/et_pb_column][et_pb_column type=\u00bb1_2&#8243; _builder_version=\u00bb4.9.0&#8243; _module_preset=\u00bbdefault\u00bb][\/et_pb_column][\/et_pb_row][\/et_pb_section][et_pb_section fb_built=\u00bb1&#8243; _builder_version=\u00bb4.9.0&#8243; _module_preset=\u00bbdefault\u00bb background_color=\u00bb#eaeaea\u00bb custom_padding=\u00bb||0px|||\u00bb][et_pb_row _builder_version=\u00bb4.9.0&#8243; _module_preset=\u00bbdefault\u00bb][et_pb_column type=\u00bb4_4&#8243; _builder_version=\u00bb4.9.0&#8243; _module_preset=\u00bbdefault\u00bb][et_pb_text _builder_version=\u00bb4.9.0&#8243; _module_preset=\u00bbdefault\u00bb]<\/p>\n<h4 style=\"text-align: center; line-height: 1.4;\"><strong>SI CONTIN\u00daAS HACIENDO LO QUE SIEMPRE HAS HECHO,<\/strong><br \/> <strong> NO LLEGAR\u00c1S M\u00c1S LEJOS DE DONDE HASTA AHORA HAS LLEGADO<\/strong><\/h4>\n<p>[\/et_pb_text][et_pb_text _builder_version=\u00bb4.9.0&#8243; _module_preset=\u00bbdefault\u00bb text_text_shadow_style=\u00bbnone\u00bb]<\/p>\n<p style=\"text-align: center; font-size: 15px;\">Si consideras que tu vida est\u00e1 te\u00f1ida o inundada de malestar devenido de sensaciones de ansiedad, depresi\u00f3n, estr\u00e9s o padeces enfermedades con dolor cr\u00f3nico que no te permiten, te bloquea y te restringe la posibilidad de que puedas vivir la vida plena que deseas. Si has intentado muchas formas y estrategias para eliminar ese sufrimiento pero te encuentras peor de c\u00f3mo hab\u00edas comenzado, tal vez sea el momento de hacer algo diferente.<\/p>\n<p style=\"text-align: center;\">[\/et_pb_text][\/et_pb_column][\/et_pb_row][\/et_pb_section][et_pb_section fb_built=\u00bb1&#8243; _builder_version=\u00bb4.9.0&#8243; _module_preset=\u00bbdefault\u00bb custom_margin=\u00bb||-48px|||\u00bb][et_pb_row column_structure=\u00bb1_2,1_2&#8243; _builder_version=\u00bb4.9.0&#8243; _module_preset=\u00bbdefault\u00bb][et_pb_column type=\u00bb1_2&#8243; _builder_version=\u00bb4.9.0&#8243; _module_preset=\u00bbdefault\u00bb][et_pb_text _builder_version=\u00bb4.9.0&#8243; _module_preset=\u00bbdefault\u00bb text_text_shadow_style=\u00bbnone\u00bb]<\/p>\n<p><img data-recalc-dims=\"1\" loading=\"lazy\" decoding=\"async\" src=\"https:\/\/i0.wp.com\/ipsicco.com.ar\/wp-content\/uploads\/2022\/07\/misc_celeste.png?resize=211%2C57&#038;ssl=1\" width=\"211\" height=\"57\" alt=\"\" class=\"wp-image-43 alignnone size-full\" \/><\/p>\n<p>Me dedico a ayudar a personas con dolor cr\u00f3nico que no encuentran el balance entre las exigencias y las limitaciones que la enfermedad misma las enfrenta, viviendo los d\u00edas con frustraci\u00f3n y una profunda tristeza y des\u00e1nimo.<\/p>\n<p>Si posees diagn\u00f3stico de fibromialgia, fatiga cr\u00f3nica, lumbalgia, migra\u00f1a u otra enfermedad no diagnosticada y sufres dolor hace m\u00e1s de 3 meses, puedo ayudarte.<\/p>\n<p>[\/et_pb_text][et_pb_button button_url=\u00bbipsicco.com.ar\/index.php\/sobre-mi\/\u00bb button_text=\u00bbM\u00e1s sobre m\u00ed\u00bb _builder_version=\u00bb4.9.0&#8243; _module_preset=\u00bbdefault\u00bb custom_button=\u00bbon\u00bb button_text_color=\u00bb#ffffff\u00bb button_bg_color=\u00bb#8cb364&#8243; button_border_width=\u00bb0px\u00bb button_border_radius=\u00bb0px\u00bb custom_margin=\u00bb||18px|||\u00bb hover_enabled=\u00bb0&#8243; sticky_enabled=\u00bb0&#8243;][\/et_pb_button][et_pb_button button_url=\u00bbhttps:\/\/ipsicco.com.ar\/index.php\/psicoterapia\/\u00bb button_text=\u00bbTrabaja con nosotras\u00bb _builder_version=\u00bb4.9.0&#8243; _module_preset=\u00bbdefault\u00bb custom_button=\u00bbon\u00bb button_text_color=\u00bb#8cb364&#8243; button_bg_color=\u00bb#FFFFFF\u00bb button_border_width=\u00bb2px\u00bb button_border_color=\u00bb#8cb364&#8243; button_border_radius=\u00bb0px\u00bb hover_enabled=\u00bb0&#8243; sticky_enabled=\u00bb0&#8243;][\/et_pb_button][\/et_pb_column][et_pb_column type=\u00bb1_2&#8243; _builder_version=\u00bb4.9.0&#8243; _module_preset=\u00bbdefault\u00bb][et_pb_image src=\u00bbhttps:\/\/ipsicco.com.ar\/wp-content\/uploads\/2022\/07\/soymajo.jpg\u00bb title_text=\u00bbsoymajo\u00bb _builder_version=\u00bb4.9.0&#8243; _module_preset=\u00bbdefault\u00bb][\/et_pb_image][\/et_pb_column][\/et_pb_row][\/et_pb_section][et_pb_section fb_built=\u00bb1&#8243; _builder_version=\u00bb4.9.0&#8243; _module_preset=\u00bbdefault\u00bb background_image=\u00bbhttps:\/\/ipsicco.com.ar\/wp-content\/uploads\/2022\/07\/bg_metodologia.jpg\u00bb][et_pb_row _builder_version=\u00bb4.9.0&#8243; _module_preset=\u00bbdefault\u00bb background_color=\u00bbrgba(255,255,255,0.84)\u00bb custom_padding=\u00bb60px|60px|60px|60px|false|false\u00bb][et_pb_column type=\u00bb4_4&#8243; _builder_version=\u00bb4.9.0&#8243; _module_preset=\u00bbdefault\u00bb][et_pb_text _builder_version=\u00bb4.9.0&#8243; _module_preset=\u00bbdefault\u00bb]<\/p>\n<h2 style=\"text-align: center;\"><strong>\u00bfCu\u00e1l es nuestra metodolog\u00eda?<\/strong><\/h2>\n<p>[\/et_pb_text][et_pb_text _builder_version=\u00bb4.9.0&#8243; _module_preset=\u00bbdefault\u00bb text_text_shadow_style=\u00bbnone\u00bb]<\/p>\n<p style=\"text-align: center; font-size: 15px;\">Ofrecemos tratamiento psicol\u00f3gico <strong>eficaz, humano y cercano<\/strong>. Psicoterapia con base en evidencia cient\u00edfica<\/p>\n<p style=\"text-align: center; font-size: 15px;\">El Instituto de<strong> Psicoterapia Conductual-Contextual<\/strong> es un centro de asistencia, investigaci\u00f3n y formaci\u00f3n profesional con fundamentos en los principios del conductismo y desde el paradigma del contextualismo funcional. Las intervenciones se agrupan en las llamadas terapias de tercera ola o de tercera generaci\u00f3n.<\/p>\n<p style=\"text-align: center; font-size: 15px;\">El abordaje psicoterap\u00e9utico, as\u00ed como las dem\u00e1s actividades que realizamos desde aqu\u00ed priorizan la eficacia y la efectividad de las intervenciones con fundamentos cient\u00edficos y basadas en la evidencia m\u00e1s reciente.<\/p>\n<p style=\"text-align: center; font-size: 15px;\">Aunque los m\u00e1s importante para nosotras es <strong>ofrecer un trato humano, cercano y un entendimiento compasivo del sufrimiento<\/strong>.<\/p>\n<p>[\/et_pb_text][\/et_pb_column][\/et_pb_row][\/et_pb_section][et_pb_section fb_built=\u00bb1&#8243; _builder_version=\u00bb4.9.0&#8243; _module_preset=\u00bbdefault\u00bb custom_padding=\u00bb||0px|||\u00bb][et_pb_row _builder_version=\u00bb4.9.0&#8243; _module_preset=\u00bbdefault\u00bb][et_pb_column type=\u00bb4_4&#8243; _builder_version=\u00bb4.9.0&#8243; _module_preset=\u00bbdefault\u00bb][et_pb_text _builder_version=\u00bb4.9.0&#8243; _module_preset=\u00bbdefault\u00bb]<\/p>\n<h2 style=\"text-align: center;\"><strong>Nuestros servicios<\/strong><\/h2>\n<p>[\/et_pb_text][\/et_pb_column][\/et_pb_row][et_pb_row column_structure=\u00bb1_3,1_3,1_3&#8243; _builder_version=\u00bb4.9.0&#8243; _module_preset=\u00bbdefault\u00bb][et_pb_column type=\u00bb1_3&#8243; _builder_version=\u00bb4.9.0&#8243; _module_preset=\u00bbdefault\u00bb][et_pb_text _builder_version=\u00bb4.9.0&#8243; _module_preset=\u00bbdefault\u00bb custom_margin=\u00bb||19px|||\u00bb]<\/p>\n<p style=\"text-align: center;\"><strong><span style=\"border-bottom: 3px solid #8cb364; font-size: 15px;\">PSICOTERAPIA<\/span><\/strong><\/p>\n<p>[\/et_pb_text][et_pb_text _builder_version=\u00bb4.9.0&#8243; _module_preset=\u00bbdefault\u00bb custom_margin=\u00bb||8px|||\u00bb text_text_shadow_style=\u00bbnone\u00bb]<\/p>\n<p style=\"text-align: center;\">Psicoterapia individual para adolescentes y adultos que aborda diversas problem\u00e1ticas psicol\u00f3gicas. Sesiones presenciales o virtuales uno a uno<\/p>\n<p style=\"text-align: center;\">[\/et_pb_text][et_pb_button button_url=\u00bbhttps:\/\/ipsicco.com.ar\/index.php\/psicoterapia\/\u00bb button_text=\u00bbM\u00e1s info\u00bb button_alignment=\u00bbcenter\u00bb _builder_version=\u00bb4.9.0&#8243; _module_preset=\u00bbdefault\u00bb custom_button=\u00bbon\u00bb button_text_size=\u00bb16px\u00bb button_text_color=\u00bb#ffffff\u00bb button_bg_color=\u00bb#8cb364&#8243; button_border_width=\u00bb0px\u00bb button_border_radius=\u00bb0px\u00bb custom_margin=\u00bb||18px|||\u00bb hover_enabled=\u00bb0&#8243; sticky_enabled=\u00bb0&#8243;][\/et_pb_button][\/et_pb_column][et_pb_column type=\u00bb1_3&#8243; _builder_version=\u00bb4.9.0&#8243; _module_preset=\u00bbdefault\u00bb][et_pb_text _builder_version=\u00bb4.9.0&#8243; _module_preset=\u00bbdefault\u00bb custom_margin=\u00bb||21px|||\u00bb]<\/p>\n<p style=\"text-align: center;\"><strong><span style=\"border-bottom: 3px solid #8cb364; font-size: 15px;\">TALLERES<\/span><\/strong><\/p>\n<p>[\/et_pb_text][et_pb_text _builder_version=\u00bb4.9.0&#8243; _module_preset=\u00bbdefault\u00bb text_font=\u00bb|700|||||||\u00bb custom_margin=\u00bb||8px|||\u00bb text_text_shadow_style=\u00bbnone\u00bb]<\/p>\n<div class=\"et_pb_module et_pb_text et_pb_text_6  et_pb_text_align_left et_pb_bg_layout_light\">\n<div class=\"et_pb_text_inner\">\n<p style=\"text-align: center;\">Talleres, retiros y encuentros de entrenamiento basados en Mindfulness dirigido a p\u00fablico en general.<\/p>\n<\/div>\n<\/div>\n<p style=\"text-align: center;\">[\/et_pb_text][et_pb_button button_url=\u00bbhttps:\/\/ipsicco.com.ar\/index.php\/frena-para-sentir\/\u00bb button_text=\u00bbM\u00e1s info\u00bb button_alignment=\u00bbcenter\u00bb _builder_version=\u00bb4.9.0&#8243; _module_preset=\u00bbdefault\u00bb custom_button=\u00bbon\u00bb button_text_size=\u00bb16px\u00bb button_text_color=\u00bb#ffffff\u00bb button_bg_color=\u00bb#8cb364&#8243; button_border_width=\u00bb0px\u00bb button_border_radius=\u00bb0px\u00bb custom_margin=\u00bb||18px|||\u00bb][\/et_pb_button][\/et_pb_column][et_pb_column type=\u00bb1_3&#8243; _builder_version=\u00bb4.9.0&#8243; _module_preset=\u00bbdefault\u00bb][et_pb_text _builder_version=\u00bb4.9.0&#8243; _module_preset=\u00bbdefault\u00bb custom_margin=\u00bb||17px|||\u00bb]<\/p>\n<p style=\"text-align: center;\"><strong><span style=\"border-bottom: 3px solid #8cb364; font-size: 15px;\">FORMACI\u00d3N<br \/> Y SUPERVISI\u00d3N<\/span><\/strong><\/p>\n<p>[\/et_pb_text][et_pb_text _builder_version=\u00bb4.9.0&#8243; _module_preset=\u00bbdefault\u00bb custom_margin=\u00bb||8px|||\u00bb text_text_shadow_style=\u00bbnone\u00bb]<\/p>\n<p style=\"text-align: center;\"><span>Actividades de formaci\u00f3n dirigidas a profesionales de la salud mental.<\/span><\/p>\n<p style=\"text-align: center;\">[\/et_pb_text][et_pb_button button_url=\u00bbhttps:\/\/ipsicco.com.ar\/index.php\/proximamente\/\u00bb button_text=\u00bbM\u00e1s info\u00bb button_alignment=\u00bbcenter\u00bb _builder_version=\u00bb4.9.0&#8243; _module_preset=\u00bbdefault\u00bb custom_button=\u00bbon\u00bb button_text_size=\u00bb16px\u00bb button_text_color=\u00bb#ffffff\u00bb button_bg_color=\u00bb#8cb364&#8243; button_border_width=\u00bb0px\u00bb button_border_radius=\u00bb0px\u00bb custom_margin=\u00bb||18px|||\u00bb][\/et_pb_button][\/et_pb_column][\/et_pb_row][\/et_pb_section][et_pb_section fb_built=\u00bb1&#8243; module_id=\u00bbcontacto\u00bb _builder_version=\u00bb4.9.0&#8243; _module_preset=\u00bbdefault\u00bb background_color=\u00bb#f9f3e1&#8243; min_height=\u00bb696.4px\u00bb][et_pb_row _builder_version=\u00bb4.9.0&#8243; _module_preset=\u00bbdefault\u00bb custom_padding=\u00bb||0px|||\u00bb][et_pb_column type=\u00bb4_4&#8243; _builder_version=\u00bb4.9.0&#8243; _module_preset=\u00bbdefault\u00bb][et_pb_text _builder_version=\u00bb4.9.0&#8243; _module_preset=\u00bbdefault\u00bb custom_margin=\u00bb-62px|||||\u00bb]<\/p>\n<h2 style=\"text-align: center;\"><strong>Contacto<\/strong><\/h2>\n<p>[\/et_pb_text][\/et_pb_column][\/et_pb_row][et_pb_row column_structure=\u00bb1_2,1_2&#8243; _builder_version=\u00bb4.9.0&#8243; _module_preset=\u00bbdefault\u00bb min_height=\u00bb457.7px\u00bb custom_padding=\u00bb||3px|||\u00bb][et_pb_column type=\u00bb1_2&#8243; _builder_version=\u00bb4.9.0&#8243; _module_preset=\u00bbdefault\u00bb][et_pb_text _builder_version=\u00bb4.9.0&#8243; _module_preset=\u00bbdefault\u00bb text_text_shadow_style=\u00bbnone\u00bb]<\/p>\n<p style=\"font-size: 15px; text-align: left;\">Si deseas tener una primera entrevista presencial o virtual con la profesional que mas se adecue a tu necesidad, te agradecemos que respondas al formulario que est\u00e1 a continuaci\u00f3n. Leeremos con atenci\u00f3n y detalle a tu situaci\u00f3n y nos comunicaremos con vos en el menor tiempo posible.<\/p>\n<p>[\/et_pb_text][et_pb_text _builder_version=\u00bb4.9.0&#8243; _module_preset=\u00bbdefault\u00bb background_color=\u00bb#88C4DD\u00bb link_option_url=\u00bbhttps:\/\/docs.google.com\/forms\/d\/e\/1FAIpQLScuIySYJt8ns9QqxPw7r5L9dV5SLnSYuV8UQ9gx3hDRT3NVbg\/viewform?usp=share_link\u00bb link_option_url_new_window=\u00bbon\u00bb box_shadow_style=\u00bbpreset1&#8243;]<\/p>\n<h2 style=\"text-align: center;\">Pre entrevista de atenci\u00f3n psicol\u00f3gica<\/h2>\n<p>[\/et_pb_text][et_pb_text _builder_version=\u00bb4.9.0&#8243; _module_preset=\u00bbdefault\u00bb text_text_shadow_style=\u00bbnone\u00bb]<\/p>\n<p style=\"font-size: 15px; text-align: left;\">Si tienes alguna otra duda puedes comunicarte con nosotros al WhatsApp o al correo: info@ipsicco.com.ar<\/p>\n<p>[\/et_pb_text][\/et_pb_column][et_pb_column type=\u00bb1_2&#8243; _builder_version=\u00bb4.9.0&#8243; _module_preset=\u00bbdefault\u00bb][et_pb_text _builder_version=\u00bb4.9.0&#8243; _module_preset=\u00bbdefault\u00bb text_text_shadow_style=\u00bbnone\u00bb]<\/p>\n<p style=\"font-size: 15px; text-align: left;\">Encu\u00e9ntranos de manera presencial en Jujuy 412 1er A (Ed. San Antonio) Santiago del Estero (Capital) CP: 4200<\/p>\n<p>[\/et_pb_text][et_pb_code _builder_version=\u00bb4.9.0&#8243; _module_preset=\u00bbdefault\u00bb]<iframe src=\"https:\/\/www.google.com\/maps\/embed?pb=!1m18!1m12!1m3!1d3529.8943444164397!2d-64.260542!3d-27.7822295!2m3!1f0!2f0!3f0!3m2!1i1024!2i768!4f13.1!3m3!1m2!1s0x943b5215d914147f%3A0xe1d4059645850a43!2sJujuy%20412%2C%20G4200%20Santiago%20del%20Estero!5e0!3m2!1ses!2sar!4v1657760997477!5m2!1ses!2sar\" width=\"600\" height=\"300\" style=\"border:0;\" allowfullscreen=\"\" loading=\"lazy\" referrerpolicy=\"no-referrer-when-downgrade\"><\/iframe>[\/et_pb_code][\/et_pb_column][\/et_pb_row][et_pb_row _builder_version=\u00bb4.9.0&#8243; _module_preset=\u00bbdefault\u00bb][et_pb_column type=\u00bb4_4&#8243; _builder_version=\u00bb4.9.0&#8243; _module_preset=\u00bbdefault\u00bb][et_pb_text _builder_version=\u00bb4.9.0&#8243; _module_preset=\u00bbdefault\u00bb]<\/p>\n<h2 style=\"text-align: center;\"><strong>S\u00edguenos en redes<\/strong><\/h2>\n<p>[\/et_pb_text][et_pb_social_media_follow _builder_version=\u00bb4.9.0&#8243; _module_preset=\u00bbdefault\u00bb text_orientation=\u00bbcenter\u00bb][et_pb_social_media_follow_network social_network=\u00bbfacebook\u00bb url=\u00bbhttps:\/\/www.facebook.com\/IPsiCCo\u00bb _builder_version=\u00bb4.9.0&#8243; _module_preset=\u00bbdefault\u00bb background_color=\u00bb#3b5998&#8243; follow_button=\u00bboff\u00bb url_new_window=\u00bbon\u00bb]facebook[\/et_pb_social_media_follow_network][et_pb_social_media_follow_network social_network=\u00bbinstagram\u00bb url=\u00bbhttps:\/\/www.instagram.com\/IPsiCCo\/\u00bb _builder_version=\u00bb4.9.0&#8243; _module_preset=\u00bbdefault\u00bb background_color=\u00bb#ea2c59&#8243; follow_button=\u00bboff\u00bb url_new_window=\u00bbon\u00bb]instagram[\/et_pb_social_media_follow_network][\/et_pb_social_media_follow][\/et_pb_column][\/et_pb_row][\/et_pb_section]<\/p>\n","protected":false},"excerpt":{"rendered":"<p>[et_pb_section fb_built=\u00bb1&#8243; _builder_version=\u00bb4.9.0&#8243; _module_preset=\u00bbdefault\u00bb background_image=\u00bbhttps:\/\/ipsicco.com.ar\/wp-content\/uploads\/2022\/07\/hero_top_v3.jpg\u00bb custom_padding=\u00bb138px||88px|||\u00bb][et_pb_row column_structure=\u00bb1_2,1_2&#8243; _builder_version=\u00bb4.9.0&#8243; _module_preset=\u00bbdefault\u00bb][et_pb_column type=\u00bb1_2&#8243; _builder_version=\u00bb4.9.0&#8243; _module_preset=\u00bbdefault\u00bb][et_pb_text _builder_version=\u00bb4.9.0&#8243; _module_preset=\u00bbdefault\u00bb] Te ayudamos a atravesar los obst\u00e1culos de la ansiedad, depresi\u00f3n, estr\u00e9s y dolor cr\u00f3nico para que puedas construir una vida valiosa [\/et_pb_text][et_pb_button button_url=\u00bbhttps:\/\/ipsicco.com.ar\/index.php\/psicoterapia\/\u00bb button_text=\u00bbQuiero comenzar\u00bb _builder_version=\u00bb4.9.0&#8243; _module_preset=\u00bbdefault\u00bb custom_button=\u00bbon\u00bb button_text_color=\u00bb#8cb364&#8243; button_bg_color=\u00bb#FFFFFF\u00bb button_border_width=\u00bb0px\u00bb button_border_radius=\u00bb0px\u00bb][\/et_pb_button][\/et_pb_column][et_pb_column type=\u00bb1_2&#8243; _builder_version=\u00bb4.9.0&#8243; _module_preset=\u00bbdefault\u00bb][\/et_pb_column][\/et_pb_row][\/et_pb_section][et_pb_section fb_built=\u00bb1&#8243; _builder_version=\u00bb4.9.0&#8243; _module_preset=\u00bbdefault\u00bb background_color=\u00bb#eaeaea\u00bb custom_padding=\u00bb||0px|||\u00bb][et_pb_row _builder_version=\u00bb4.9.0&#8243; [&hellip;]<\/p>\n","protected":false},"author":1,"featured_media":42,"parent":0,"menu_order":0,"comment_status":"closed","ping_status":"closed","template":"","meta":{"_et_pb_use_builder":"on","_et_pb_old_content":"","_et_gb_content_width":"","om_disable_all_campaigns":false,"inline_featured_image":false,"jetpack_post_was_ever_published":false,"_joinchat":[],"footnotes":""},"class_list":["post-34","page","type-page","status-publish","has-post-thumbnail","hentry"],"jetpack_sharing_enabled":true,"jetpack_shortlink":"https:\/\/wp.me\/Pc5djS-y","_links":{"self":[{"href":"https:\/\/ipsicco.com.ar\/index.php\/wp-json\/wp\/v2\/pages\/34","targetHints":{"allow":["GET"]}}],"collection":[{"href":"https:\/\/ipsicco.com.ar\/index.php\/wp-json\/wp\/v2\/pages"}],"about":[{"href":"https:\/\/ipsicco.com.ar\/index.php\/wp-json\/wp\/v2\/types\/page"}],"author":[{"embeddable":true,"href":"https:\/\/ipsicco.com.ar\/index.php\/wp-json\/wp\/v2\/users\/1"}],"replies":[{"embeddable":true,"href":"https:\/\/ipsicco.com.ar\/index.php\/wp-json\/wp\/v2\/comments?post=34"}],"version-history":[{"count":21,"href":"https:\/\/ipsicco.com.ar\/index.php\/wp-json\/wp\/v2\/pages\/34\/revisions"}],"predecessor-version":[{"id":730,"href":"https:\/\/ipsicco.com.ar\/index.php\/wp-json\/wp\/v2\/pages\/34\/revisions\/730"}],"wp:featuredmedia":[{"embeddable":true,"href":"https:\/\/ipsicco.com.ar\/index.php\/wp-json\/wp\/v2\/media\/42"}],"wp:attachment":[{"href":"https:\/\/ipsicco.com.ar\/index.php\/wp-json\/wp\/v2\/media?parent=34"}],"curies":[{"name":"wp","href":"https:\/\/api.w.org\/{rel}","templated":true}]}}